 the units digit of a(-3)?
4
Let l(i) = 6*i**2 - 1. Let y be l(-1). Suppose -2*f + 23 = -0*r + 3*r, 0 = 5*f - y. What is the units digit of r?
7
Suppose -3*h = -h - 1808. Suppose -49*a - h = -53*a. What is the hundreds digit of a?
2
What is the units digit of (44/(-33))/((-1)/306)?
8
Let n(y) = -10*y**3 - 25*y**2 - 8*y - 17. Let t(q) = 3*q**3 + 8*q**2 + 3*q + 6. Let z(m) = -2*n(m) - 7*t(m). Let x = -12 - -5. What is the units digit of z(x)?
6
Let d be (-1418)/8 + (6 - 46/8). Let v = d - -315. What is the units digit of v?
8
Let h(r) = -357*r - 746. What is the units digit of h(-13)?
5
Let i = -359 - -1013. What is the hundreds digit of i?
6
Let t be 1*-3*4/(-3). Suppose -x = -t*x + 237. What is the units digit of x?
9
Suppose 4*u = 5*o + 10049, -u - 3*o - 2*o + 2506 = 0. What is the tens digit of u?
1
Suppose 2*k - 8 = 5*p - 0*k, 5*p - k + 4 = 0. Suppose p*n - n + 4*f = -78, -81 = -n + 5*f. What is the tens digit of n?
6
What is the units digit of -8 - (-390 - (6 - 14))?
4
What is the units digit of ((-105)/(-28))/(6/2072)?
5
Suppose -7*r + 509 = 33. Suppose -3*x = -r + 38. What is the units digit of x?
0
Suppose -2*l + 4 = 3*n - 21, -2*n + 35 = 5*l. What is the tens digit of 1744/10 + 3/l?
7
Suppose v + 3*k - 828 = 0, 3*v + 3*k - 445 - 2057 = 0. What is the units digit of v?
7
Let b be ((-1)/2)/(4/(-16)). Suppose b*y + 2*y - 4*f = 472, -3*y - 2*f = -344. Suppose 0*v + y = 4*v. What is the tens digit of v?
2
Let x(t) = -120*t - 54. What is the hundreds digit of x(-15)?
7
What is the units digit of ((-13)/2)/(-13) - 1478/(-4)?
0
Suppose -5*m = -5*w + 1405, -4*m - m + 263 = w. Suppose 4*r + 6*s - 3*s = w, 4*s = -2*r + 134. What is the tens digit of r?
7
Let h = -20 + 32. Let w(u) = 10*u - 2 - h*u + 8*u. What is the tens digit of w(7)?
4
Suppose -4*w + 4*z + 25 = w, 3*z = -4*w - 11. Let t(j) = -w + 7 - 5 + 23*j. What is the tens digit of t(2)?
4
Suppose -r + 5*j - 61 = -3*r, 0 = 4*r + 3*j - 129. Let a = r + -7. What is the tens digit of a?
2
Let g = -15 - -64. What is the tens digit of g?
4
Let s = -2675 + 4477. What is the thousands digit of s?
1
Let i(y) be the first derivative of 3*y**2/2 + 16*y - 9. Let m be i(-14). Let h = 52 + m. What is the units digit of h?
6
Suppose 3*y + z = -3*z + 18, -4*z = -y - 10. Suppose -3*s - 593 - 40 = -3*h, y*s = h - 207. What is the tens digit of h?
1
Suppose -9*u - 2*r - 218 = -12*u, 2*u - 160 = 5*r. What is the tens digit of u?
7
Let a(s) = s**2 - 17*s + 35. Let y be a(15). Suppose -343 = -5*b + l + 2*l, 0 = y*b + l - 339. What is the tens digit of b?
6
What is the tens digit of 1088/4*6*(-3)/(-12)?
0
Let m be (-2 + 4)/((-1)/(-1)). Suppose -2*a = z - 4, m*z - 5 = -5*a - 3*z. Suppose 0*x - 10 = -3*x + 2*w, -a*x = -3*w - 6. What is the units digit of x?
6
Suppose -2*r + 244 = -238. What is the tens digit of r?
4
Suppose 1380 = 2*o + 540. Suppose 4*h + h = o. What is the tens digit of h?
8
Let w = 86 + -286. Let i be w/(-6) - (-1)/(-3). Suppose 2*s - i - 17 = 0. What is the units digit of s?
5
Let g = -4 - -28. Suppose 2*h - g - 18 = 0. Suppose -63 = -2*w + h. What is the units digit of w?
2
Let u(o) = o**3 - 4*o - 5. Let r = 31 - 9. Suppose w - 5*l - r = -2*w, -w + 6 = -l. What is the units digit of u(w)?
3
Let j(s) = s**3 + 7*s**2 - 8*s - 8. Let r be j(-8). Let u be -8 - r - (1 - 4). Suppose 2*w = -d + 12, -17 - 10 = -2*d - u*w. What is the units digit of d?
8
Suppose -3*z - y = -3*y - 14, -1 = -z - 3*y. Suppose 4*t - z*q - 9 = 7, -5*q = 3*t + 20. Suppose -4*c + 1 + 71 = t. What is the units digit of c?
8
Let f = -2549 - -3986. What is the units digit of f?
7
Suppose -7*r = -8*r - 3*y + 430, 3*r - 1274 = -5*y. What is the tens digit of r?
1
What is the hundreds digit of 180/315 + (-6492)/(-7)?
9
Suppose 169 - 22 = 7*j. Suppose 6*u - j - 39 = 0. What is the tens digit of u?
1
Let b(i) = -i - 1. Let t be b(-7). Suppose -t*w + 20 = -w. Suppose 0 = 2*c - w*c + 44. What is the tens digit of c?
2
Let y(f) = 3*f**2 - 32*f + 38. What is the hundreds digit of y(-21)?
0
Let v(i) = i**3 - 6*i**2 - 9*i + 7. Let j be v(7). What is the tens digit of 24*(j/(-14) + 1/2)?
2
Let q(l) = 3*l**2 + 5*l + 4. Let u = 124 - 118. What is the hundreds digit of q(u)?
1
Suppose 5751*m = 5754*m - 8316. What is the thousands digit of m?
2
Suppose -4*l + 4508 + 558 = 5*r, -5071 = -5*r + l. What is the tens digit of r?
1
What is the thousands digit of -5*((-349 - -2) + (-26 - -19))?
1
Let s = 17 + -12. Suppose -6*y + 15 = -3*y + p, 35 = 5*y + s*p. Let g = y - -1. What is the units digit of g?
5
Let l(s) = -s - 2. Let v be l(-4). Suppose -v*a = -3*a + 3. What is the units digit of 148/a + 2/(-6)?
9
Let h(v) be the first derivative of -v**4/4 + 10*v**3/3 + 5*v**2 + 12*v + 2. Let l be h(11). What is the units digit of 12/4 - l*-1?
4
Let s be 16/(-6) - 4/(-6). Let p(t) = -2*t**3 - t**2 + 2. Let z be p(s). What is the tens digit of ((-20)/z)/((-1)/7)?
1
What is the hundreds digit of (-16)/(-4) + (321 - 4)?
3
Suppose -7*r + 12*r - 10 = 0. Suppose -r*a + 3*j = -0*a - 29, 2*j = 10. Suppose 4*n = -a + 238. What is the tens digit of n?
5
Suppose 2*i - 636 = 780. What is the units digit of i?
8
Let z be 118/15 + 14/105. Suppose t + 24 = -3*p + z*p, -p + 2*t = -12. Suppose n - 2*n + p = 0. What is the units digit of n?
4
Let m be ((-60)/9)/(-4)*21. Let b = 12 + m. What is the units digit of b?
7
Let h(r) = 22*r**2 + 7*r - 36. What is the tens digit of h(-9)?
8
Suppose -5*f + 4 + 11 = 0. Suppose -2*i + 35 = f*i. Suppose -2*w = -i*w + 5. What is the units digit of w?
1
Suppose 5*s = 2127 + 288. What is the tens digit of s?
8
Suppose 4*v + 2*n = 146, 17*v = 21*v - n - 161. Let s(p) = -52*p. Let h be s(-3). Suppose -36*x - h = -v*x. What is the units digit of x?
2
Suppose 4*n = 6*n - 4. What is the units digit of (5 - 3)/(n/5)?
5
Suppose 17*p - 14*p - 147 = 0. Let z = 122 - p. What is the units digit of z?
3
Let w(v) = 3 + 22 - v - 4 - 7. Let p(k) = -k**3 + 5*k**2 + 2*k. Let s be p(5). What is the units digit of w(s)?
4
Suppose 0 = 9*l - 557 - 9325. What is the tens digit of l?
9
Suppose 229 = 5*p - 4*a, -p + 5 + 37 = 3*a. Let x = p - 3. Suppose -4*c = -3*c - x. What is the tens digit of c?
4
Let u(v) be the second derivative of v**5/20 - v**4/12 + v**3/3 - 2*v**2 - 31*v. What is the tens digit of u(3)?
2
Let f(w) = -w**2 - 6*w**2 - 4 + 8*w + 5*w**2. Let t be f(3). Suppose -45 = -2*m + 6*k - k, -42 = -t*m + 2*k. What is the tens digit of m?
2
Suppose -2*i - 3*j = -72, -2*i - i + 5*j + 89 = 0. Suppose 0 = 4*a + 1 - i. What is the tens digit of (a/(-20))/((-3)/150)?
2
Let v(m) be the third derivative of -m**6/60 + m**5/60 - m**4/3 - m**3/6 + 52*m**2. What is the tens digit of v(-3)?
8
Let c(b) = 1096*b + 5. What is the hundreds digit of c(1)?
1
Let b(n) = -3*n**3 + 3*n**2 + 3*n. Let k be b(-2). Suppose -3*l - 5*p = -k, p + 12 = 5*p. Suppose l*j - 35 + 0 = 0. What is the units digit of j?
7
Let p be 1/(-3) - 16/6. What is the units digit of p - (-85)/30 - (-1226)/12?
2
Let n = -318 + 953. What is the units digit of n?
5
Let j(p) = p**3 - 6*p**2 - 6*p - 1. Let s be -1 + 10 - (1 + 1). Let z be j(s). What is the tens digit of 68/z + 1/(-3)?
1
Let b(f) = -f**2 - 2*f - 4. Let a be b(-2). Let x be ((-2)/a)/((-10)/(-100)). Suppose 0*i + 49 = i - x*z, 4*i - 120 = z. What is the units digit of i?
9
Suppose 2*s + 2*s = 0. Let t be 2*(-1 - s) + 82. Suppose 2*l + t = 5*d - 14, 3*d + 3*l - 69 = 0. What is the tens digit of d?
2
Let u(j) = j**2 + 1. Let t(g) = -4*g**2 + 4*g + 27. Let a(x) = -t(x) - 3*u(x). What is the tens digit of a(-6)?
3
Suppose s - 4*s + 9 = 0. Let h be 6/s*(-76)/(-2). Suppose -5*b + h + 19 = 0. What is the tens digit of b?
1
Let k = -249 + -62. Let d = k + 630. What is the hundreds digit of d?
3
Let l(k) be the second derivative of k**5/20 + 7*k**4/6 + 2*k**3 - 21*k**2/2 - 24*k. What is the units digit of l(-11)?
0
Let d(p) = 4*p - 7. Let n be d(3). Suppose n*q = -33 - 2. Let s = q - -27. What is the units digit of s?
0
Let s(t) = -t**2 + 17*t - 4. Let w be s(17). What is the units digit of (-3)/6*(-6 - w)?
1
Let c = 56 + -27. Suppose j - 2*w - 29 = 0, -3*w + 68 = 4*j + w. Let z = c - j. What is the units digit of z?
8
Let t(h) = h. Let g(s) = 12*s + 12. Let m(u) = -g(u) - 10*t(u). Let b be m(-8). Suppose w + 0*w = -3, -4*p + 4*w + b = 0. What is 